[INFO] cloning repository https://github.com/analog-hors/glowfish
[INFO] running `Command { std: "git" "-c" "credential.helper=" "-c" "credential.helper=/workspace/cargo-home/bin/git-credential-null" "clone" "--bare" "https://github.com/analog-hors/glowfish" "/workspace/cache/git-repos/https%3A%2F%2Fgithub.com%2Fanalog-hors%2Fglowfish", kill_on_drop: false }`
[INFO] [stderr] Cloning into bare repository '/workspace/cache/git-repos/https%3A%2F%2Fgithub.com%2Fanalog-hors%2Fglowfish'...
[INFO] running `Command { std: "git" "rev-parse" "HEAD", kill_on_drop: false }`
[INFO] [stdout] 9df7736a8769ba7da61e8859756134464bcdbec4
[INFO] checking analog-hors/glowfish against master#9610dfe5a9a731ced1ea4923ecbd0c57fe367898 for beta-170-4
[INFO] running `Command { std: "git" "clone" "/workspace/cache/git-repos/https%3A%2F%2Fgithub.com%2Fanalog-hors%2Fglowfish" "/workspace/builds/worker-5-tc1/source", kill_on_drop: false }`
[INFO] [stderr] Cloning into '/workspace/builds/worker-5-tc1/source'...
[INFO] [stderr] done.
[INFO] validating manifest of git repo https://github.com/analog-hors/glowfish on toolchain 9610dfe5a9a731ced1ea4923ecbd0c57fe367898
[INFO] running `Command { std: CARGO_HOME="/workspace/cargo-home" RUSTUP_HOME="/workspace/rustup-home" "/workspace/cargo-home/bin/cargo" "+9610dfe5a9a731ced1ea4923ecbd0c57fe367898" "metadata" "--manifest-path" "Cargo.toml" "--no-deps", kill_on_drop: false }`
[INFO] removed /workspace/builds/worker-5-tc1/source/.cargo/config.toml
[INFO] started tweaking git repo https://github.com/analog-hors/glowfish
[INFO] finished tweaking git repo https://github.com/analog-hors/glowfish
[INFO] tweaked toml for git repo https://github.com/analog-hors/glowfish written to /workspace/builds/worker-5-tc1/source/Cargo.toml
[INFO] crate git repo https://github.com/analog-hors/glowfish already has a lockfile, it will not be regenerated
[INFO] running `Command { std: CARGO_HOME="/workspace/cargo-home" RUSTUP_HOME="/workspace/rustup-home" "/workspace/cargo-home/bin/cargo" "+9610dfe5a9a731ced1ea4923ecbd0c57fe367898" "fetch" "--manifest-path" "Cargo.toml", kill_on_drop: false }`
[INFO] [stderr]  Downloading crates ...
[INFO] [stderr]   Downloaded cortex-m v0.7.4
[INFO] running `Command { std: "docker" "create" "-v" "/var/lib/crater-agent-workspace/builds/worker-5-tc1/target:/opt/rustwide/target:rw,Z" "-v" "/var/lib/crater-agent-workspace/builds/worker-5-tc1/source:/opt/rustwide/workdir:ro,Z" "-v" "/var/lib/crater-agent-workspace/cargo-home:/opt/rustwide/cargo-home:ro,Z" "-v" "/var/lib/crater-agent-workspace/rustup-home:/opt/rustwide/rustup-home:ro,Z" "-e" "SOURCE_DIR=/opt/rustwide/workdir" "-e" "CARGO_TARGET_DIR=/opt/rustwide/target" "-e" "CARGO_HOME=/opt/rustwide/cargo-home" "-e" "RUSTUP_HOME=/opt/rustwide/rustup-home" "-w" "/opt/rustwide/workdir" "-m" "1610612736" "--user" "0:0" "--network" "none" "ghcr.io/rust-lang/crates-build-env/linux@sha256:19e73879b68f455e41552ea35293514db52ea292d993f571636dbffedb77a1ee" "/opt/rustwide/cargo-home/bin/cargo" "+9610dfe5a9a731ced1ea4923ecbd0c57fe367898" "metadata" "--no-deps" "--format-version=1", kill_on_drop: false }`
[INFO] [stdout] 0bf2493f0ab2c8235c25e2e698dc7fe79d4d8bce4256ef55926ccec6101ae042
[INFO] running `Command { std: "docker" "start" "-a" "0bf2493f0ab2c8235c25e2e698dc7fe79d4d8bce4256ef55926ccec6101ae042", kill_on_drop: false }`
[INFO] running `Command { std: "docker" "inspect" "0bf2493f0ab2c8235c25e2e698dc7fe79d4d8bce4256ef55926ccec6101ae042", kill_on_drop: false }`
[INFO] running `Command { std: "docker" "rm" "-f" "0bf2493f0ab2c8235c25e2e698dc7fe79d4d8bce4256ef55926ccec6101ae042", kill_on_drop: false }`
[INFO] [stdout] 0bf2493f0ab2c8235c25e2e698dc7fe79d4d8bce4256ef55926ccec6101ae042
[INFO] running `Command { std: "docker" "create" "-v" "/var/lib/crater-agent-workspace/builds/worker-5-tc1/target:/opt/rustwide/target:rw,Z" "-v" "/var/lib/crater-agent-workspace/builds/worker-5-tc1/source:/opt/rustwide/workdir:ro,Z" "-v" "/var/lib/crater-agent-workspace/cargo-home:/opt/rustwide/cargo-home:ro,Z" "-v" "/var/lib/crater-agent-workspace/rustup-home:/opt/rustwide/rustup-home:ro,Z" "-e" "SOURCE_DIR=/opt/rustwide/workdir" "-e" "CARGO_TARGET_DIR=/opt/rustwide/target" "-e" "CARGO_INCREMENTAL=0" "-e" "RUST_BACKTRACE=full" "-e" "RUSTFLAGS=--cap-lints=forbid" "-e" "RUSTDOCFLAGS=--cap-lints=forbid" "-e" "CARGO_HOME=/opt/rustwide/cargo-home" "-e" "RUSTUP_HOME=/opt/rustwide/rustup-home" "-w" "/opt/rustwide/workdir" "-m" "1610612736" "--user" "0:0" "--network" "none" "ghcr.io/rust-lang/crates-build-env/linux@sha256:19e73879b68f455e41552ea35293514db52ea292d993f571636dbffedb77a1ee" "/opt/rustwide/cargo-home/bin/cargo" "+9610dfe5a9a731ced1ea4923ecbd0c57fe367898" "check" "--frozen" "--all" "--all-targets" "--message-format=json", kill_on_drop: false }`
[INFO] [stdout] 7e6e8dde01b2ae88e049d7a6bc0e4b3ee3fb0a65cc16705ef60d571a02ed1c0c
[INFO] running `Command { std: "docker" "start" "-a" "7e6e8dde01b2ae88e049d7a6bc0e4b3ee3fb0a65cc16705ef60d571a02ed1c0c", kill_on_drop: false }`
[INFO] [stderr]    Compiling crossbeam-utils v0.8.8
[INFO] [stderr]    Compiling semver v1.0.7
[INFO] [stderr]    Compiling serde v1.0.136
[INFO] [stderr]    Compiling memoffset v0.6.5
[INFO] [stderr]    Compiling libc v0.2.122
[INFO] [stderr]    Compiling crossbeam-epoch v0.9.8
[INFO] [stderr]    Compiling proc-macro2 v1.0.37
[INFO] [stderr]    Compiling rayon-core v1.9.1
[INFO] [stderr]    Compiling unicode-xid v0.2.2
[INFO] [stderr]    Compiling num-traits v0.2.14
[INFO] [stderr]    Compiling serde_json v1.0.79
[INFO] [stderr]    Compiling syn v1.0.91
[INFO] [stderr]    Compiling rayon v1.5.1
[INFO] [stderr]     Checking plotters-backend v0.3.2
[INFO] [stderr]     Checking cozy-chess-types v0.1.4 (/opt/rustwide/workdir/types)
[INFO] [stderr]     Checking regex-automata v0.1.10
[INFO] [stderr]    Compiling serde_derive v1.0.136
[INFO] [stderr]     Checking csv-core v0.1.10
[INFO] [stderr]     Checking itertools v0.10.3
[INFO] [stderr]     Checking plotters-svg v0.3.1
[INFO] [stderr]     Checking itoa v0.4.8
[INFO] [stderr]     Checking half v1.8.2
[INFO] [stderr]     Checking regex v1.5.5
[INFO] [stderr]     Checking clap v2.34.0
[INFO] [stderr]     Checking oorandom v11.1.3
[INFO] [stderr]     Checking byteorder v1.4.3
[INFO] [stderr]    Compiling heapless v0.7.10
[INFO] [stderr]     Checking spin v0.9.2
[INFO] [stderr]     Checking stable_deref_trait v1.2.0
[INFO] [stderr]     Checking cozy-chess v0.2.2 (/opt/rustwide/workdir/cozy-chess)
[INFO] [stderr]     Checking crossbeam-channel v0.5.4
[INFO] [stderr]     Checking hash32 v0.2.1
[INFO] [stderr]    Compiling rustc_version v0.4.0
[INFO] [stderr]     Checking crossbeam-deque v0.8.1
[INFO] [stderr]    Compiling quote v1.0.18
[INFO] [stderr]    Compiling cast v0.2.7
[INFO] [stderr]     Checking num_cpus v1.13.1
[INFO] [stderr]     Checking atty v0.2.14
[INFO] [stderr]     Checking plotters v0.3.1
[INFO] [stderr]     Checking criterion-plot v0.4.4
[INFO] [stderr]    Compiling glowfish v0.1.0 (/opt/rustwide/workdir/glowfish)
[INFO] [stdout] error[E0433]: failed to resolve: could not find `wasm32` in `arch`
[INFO] [stdout]    --> glowfish/src/wasm4/mod.rs:143:25
[INFO] [stdout]     |
[INFO] [stdout] 143 |             core::arch::wasm32::unreachable()
[INFO] [stdout]     |                         ^^^^^^ could not find `wasm32` in `arch`
[INFO] [stdout]     |
[INFO] [stdout]    ::: glowfish/src/lib.rs:509:1
[INFO] [stdout]     |
[INFO] [stdout] 509 | wasm4_main!(Glowfish);
[INFO] [stdout]     | --------------------- in this macro invocation
[INFO] [stdout]     |
[INFO] [stdout]     = note: this error originates in the macro `wasm4_main` (in Nightly builds, run with -Z macro-backtrace for more info)
[INFO] [stdout] 
[INFO] [stdout] 
[INFO] [stdout] error[E0433]: failed to resolve: could not find `wasm32` in `arch`
[INFO] [stdout]    --> glowfish/src/wasm4/mod.rs:143:25
[INFO] [stdout]     |
[INFO] [stdout] 143 |             core::arch::wasm32::unreachable()
[INFO] [stdout]     |                         ^^^^^^ could not find `wasm32` in `arch`
[INFO] [stdout]     |
[INFO] [stdout]    ::: glowfish/src/lib.rs:509:1
[INFO] [stdout]     |
[INFO] [stdout] 509 | wasm4_main!(Glowfish);
[INFO] [stdout]     | --------------------- in this macro invocation
[INFO] [stdout]     |
[INFO] [stdout]     = note: this error originates in the macro `wasm4_main` (in Nightly builds, run with -Z macro-backtrace for more info)
[INFO] [stdout] 
[INFO] [stdout] 
[INFO] [stdout] error: language item required, but not found: `eh_personality`
[INFO] [stdout]   |
[INFO] [stdout]   = note: this can occur when a binary crate with `#![no_std]` is compiled for a target where `eh_personality` is defined in the standard library
[INFO] [stdout]   = help: you may be able to compile for a target that doesn't need `eh_personality`, specify a target with `--target` or in `.cargo/config`
[INFO] [stdout] 
[INFO] [stdout] 
[INFO] [stdout] error[E0152]: found duplicate lang item `panic_impl`
[INFO] [stdout]    --> glowfish/src/wasm4/mod.rs:142:9
[INFO] [stdout]     |
[INFO] [stdout] 142 |         fn panic(info: &core::panic::PanicInfo) -> ! {
[INFO] [stdout]     |         ^^^^^^^^^^^^^^^^^^^^^^^^^^^^^^^^^^^^^^^^^^^^
[INFO] [stdout]     |
[INFO] [stdout]    ::: glowfish/src/lib.rs:509:1
[INFO] [stdout]     |
[INFO] [stdout] 509 | wasm4_main!(Glowfish);
[INFO] [stdout]     | --------------------- in this macro invocation
[INFO] [stdout]     |
[INFO] [stdout]     = note: the lang item is first defined in crate `std` (which `test` depends on)
[INFO] [stdout]     = note: first definition in `std` loaded from /opt/rustwide/rustup-home/toolchains/9610dfe5a9a731ced1ea4923ecbd0c57fe367898/lib/rustlib/x86_64-unknown-linux-gnu/lib/libstd-a8a9ba95b1228749.rlib
[INFO] [stdout]     = note: second definition in the local crate (`glowfish`)
[INFO] [stdout]     = note: this error originates in the macro `wasm4_main` (in Nightly builds, run with -Z macro-backtrace for more info)
[INFO] [stdout] 
[INFO] [stdout] 
[INFO] [stdout] error: aborting due to 2 previous errors
[INFO] [stdout] 
[INFO] [stdout] 
[INFO] [stdout] For more information about this error, try `rustc --explain E0433`.
[INFO] [stdout] 
[INFO] [stdout] error: aborting due to 2 previous errors
[INFO] [stdout] 
[INFO] [stdout] 
[INFO] [stdout] Some errors have detailed explanations: E0152, E0433.
[INFO] [stdout] 
[INFO] [stdout] For more information about an error, try `rustc --explain E0152`.
[INFO] [stdout] 
[INFO] [stderr] error: could not compile `glowfish` (lib) due to 3 previous errors
[INFO] [stderr] warning: build failed, waiting for other jobs to finish...
[INFO] [stderr] error: could not compile `glowfish` (lib test) due to 3 previous errors
[INFO] running `Command { std: "docker" "inspect" "7e6e8dde01b2ae88e049d7a6bc0e4b3ee3fb0a65cc16705ef60d571a02ed1c0c", kill_on_drop: false }`
[INFO] running `Command { std: "docker" "rm" "-f" "7e6e8dde01b2ae88e049d7a6bc0e4b3ee3fb0a65cc16705ef60d571a02ed1c0c", kill_on_drop: false }`
[INFO] [stdout] 7e6e8dde01b2ae88e049d7a6bc0e4b3ee3fb0a65cc16705ef60d571a02ed1c0c
